se
Is 11386259 composite?
True
Is 276389 composite?
False
Is 322963462 prime?
False
Is 2432887 prime?
False
Is 912643 prime?
False
Is 51643079 a composite number?
True
Is 1814761 composite?
True
Is 815137487 a composite number?
True
Is 22889303 a prime number?
False
Is 71116049 a prime number?
False
Is 49325285 composite?
True
Is 5193761 prime?
False
Is 4180541 prime?
True
Is 42187199 a composite number?
True
Is 41660839 prime?
False
Is 25128269 composite?
True
Is 102080941 prime?
True
Is 22496447 prime?
True
Is 15363173 composite?
True
Is 21001541 composite?
True
Is 2262679 prime?
True
Is 634562533 prime?
False
Is 225118563 composite?
True
Is 120681511 a prime number?
False
Is 7662199 prime?
False
Is 21209743 a prime number?
True
Is 5073703 prime?
False
Is 546529 prime?
False
Is 40149613 a prime number?
False
Is 22642709 a prime number?
True
Is 1106761 composite?
False
Is 11750807 prime?
True
Is 40591 composite?
False
Is 42723507 a composite number?
True
Is 13374583 composite?
False
Is 2183887 composite?
True
Is 1003001 composite?
False
Is 406189 a composite number?
True
Is 4985537 composite?
True
Is 45029899 composite?
False
Is 109694971 composite?
True
Is 3161519 composite?
False
Is 276005117 prime?
False
Is 9151507 a composite number?
False
Is 1381001 prime?
False
Is 3615691 a prime number?
False
Is 245333153 a prime number?
False
Is 4964237 a composite number?
True
Is 6782851 prime?
False
Is 6067987 a composite number?
True
Is 1132783 prime?
True
Is 4801673 a prime number?
True
Is 24874643 a prime number?
True
Is 14751137 prime?
True
Is 47267581 prime?
True
Is 5860931 a prime number?
False
Is 102989269 composite?
False
Is 74335519 a prime number?
False
Is 23605627 a composite number?
True
Is 2684887 prime?
False
Is 182166431 a composite number?
True
Is 7495003 composite?
False
Is 425627 prime?
False
Is 23936161 a prime number?
True
Is 15406537 composite?
True
Is 57153821 composite?
False
Is 209896949 a composite number?
False
Is 12844149 composite?
True
Is 1256279 a prime number?
True
Is 1065973 a prime number?
True
Is 102514579 composite?
False
Is 149638417 a composite number?
False
Is 8528393 a prime number?
False
Is 10835197 a prime number?
False
Is 1647047 composite?
False
Is 13669261 prime?
True
Is 828839863 a prime number?
True
Is 418740281 prime?
False
Is 366620377 a prime number?
True
Is 934793 a composite number?
False
Is 7608889 a prime number?
True
Is 15941306 prime?
False
Is 52005947 prime?
False
Is 4586203 a composite number?
False
Is 2976767 a prime number?
True
Is 7168703 composite?
False
Is 900127 composite?
True
Is 12839627 composite?
False
Is 1307414 prime?
False
Is 175546907 prime?
False
Is 992551 a prime number?
False
Is 5876867 prime?
True
Is 58835873 a composite number?
True
Is 16845949 a prime number?
True
Is 2043869 prime?
True
Is 9867037 a prime number?
True
Is 3640881 prime?
False
Is 64134067 composite?
False
Is 5616503 prime?
False
Is 628132537 a composite number?
True
Is 23376797 a prime number?
True
Is 26960771 a prime number?
False
Is 4552521 prime?
False
Is 355846433 prime?
True
Is 10494307 a composite number?
True
Is 1418717221 a composite number?
False
Is 45180767 prime?
True
Is 5007871 a prime number?
False
Is 12749749 composite?
False
Is 233167426 a composite number?
True
Is 3464218 prime?
False
Is 36527513 prime?
False
Is 281743613 a composite number?
True
Is 15759507 composite?
True
Is 126030889 a prime number?
False
Is 22417 a prime number?
False
Is 323676121 prime?
True
Is 2223439 a prime number?
False
Is 4912913 a composite number?
True
Is 124105859 a composite number?
False
Is 959383 a composite number?
False
Is 2884393 prime?
False
Is 187812979 composite?
True
Is 32959873 prime?
False
Is 486720994 composite?
True
Is 193987 composite?
True
Is 21053891 a composite number?
True
Is 174152101 a composite number?
True
Is 441697 prime?
True
Is 1409794 composite?
True
Is 1065143503 a composite number?
False
Is 62105027 composite?
True
Is 21594395 a composite number?
True
Is 33750779 a composite number?
False
Is 12622141 composite?
True
Is 6551651 a prime number?
False
Is 361198679 composite?
False
Is 2593997 composite?
True
Is 270775397 composite?
False
Is 12058679 a prime number?
True
Is 10921711 a prime number?
False
Is 25172335 composite?
True
Is 4846727 prime?
True
Is 272837 a composite number?
True
Is 42731401 a composite number?
True
Is 131347547 composite?
True
Is 5168071 a composite number?
False
Is 649808231 composite?
True
Is 13755521 a prime number?
False
Is 63404126 a prime number?
False
Is 7741297 a composite number?
False
Is 1545769 a prime number?
True
Is 4466657 prime?
False
Is 20045059 a composite number?
True
Is 198853 a composite number?
True
Is 261981107 composite?
False
Is 980927 a composite number?
True
Is 31643309 a prime number?
False
Is 297672401 composite?
True
Is 257535517 a composite number?
False
Is 970231 composite?
False
Is 3938723 a prime number?
True
Is 51332861 a composite number?
True
Is 83710171 composite?
False
Is 7646567 composite?
False
Is 518180021 prime?
True
Is 17222647 a prime number?
False
Is 355688477 composite?
False
Is 4512373 a composite number?
True
Is 1079302093 a composite number?
False
Is 1343869 prime?
False
Is 4605689 a prime number?
False
Is 2582591 a prime number?
False
Is 2655209 composite?
False
Is 10858174 composite?
True
Is 1597 prime?
True
Is 51831457 composite?
False
Is 18845751 composite?
True
Is 6471695 a prime number?
False
Is 4422013 a prime number?
False
Is 131842709 prime?
True
Is 7530647 a prime number?
False
Is 4900579 a composite number?
True
Is 6784907 a prime number?
True
Is 5448998 composite?
True
Is 252233959 prime?
True
Is 24241199 a composite number?
False
Is 5461247 a prime number?
False
Is 13244281 a composite number?
False
Is 183720287 prime?
True
Is 364011965 prime?
False
Is 319651 a composite number?
True
Is 3153119 prime?
False
Is 3427646 prime?
False
Is 62511797 a composite number?
True
Is 3169577 a prime number?
False
Is 7392101 a composite number?
False
Is 36175241 composite?
False
Is 12014021 prime?
False
Is 6694627 prime?
False
Is 22788361 composite?
True
Is 15087203 composite?
False
Is 4926202 a composite number?
True
Is 5947765 prime?
False
Is 24738289 composite?
False
Is 42383 composite?
True
Is 14872417 prime?
False
Is 253423 prime?
True
Is 38828287 a prime number?
True
Is 2540117 composite?
True
Is 405421 composite?
True
Is 163117583 composite?
False
Is 295601 prime?
True
Is 222857 a composite number?
False
Is 69177743 a prime number?
False
Is 999263 prime?
False
Is 22743857 a prime number?
True
Is 5916949 a composite number?
False
Is 24662933 prime?
True
Is 21015993 composite?
True
Is 44876057 composite?
False
Is 308150399 composite?
False
Is 7267763 a prime number?
False
Is 10557671 composite?
True
Is 36573869 prime?
False
Is 12059603 composite?
False
Is 30120494 a composite number?
True
Is 2623889 a prime number?
False
Is 10096811 composite?
False
Is 1037921 a prime number?
False
Is 84851699 a composite number?
True
Is 203177 composite?
True
Is 5447579 a prime number?
True
Is 39073 composite?
True
Is 86069 composite?
False
Is 15768617 prime?
True
Is 319664767 composite?
True
Is 475877 a composite number?
False
Is 94835183 a prime number?
True
Is 10573649 a composite number?
False
Is 112462601 prime?
True
Is 28969159 a composite number?
True
Is 3686743 prime?
True
Is 117633907 a prime number?
True
Is 1183211 a prime number?
True
Is 198926335 a composite number?
True
Is 2002723 a composite number?
False
Is 798234893 a prime number?
False
Is 35051 a composite number?
False
Is 585632261 composite?
False
Is 2821061 a prime number?
False
Is 7994521 a composite number?
False
Is 5382089 a composite number?
True
Is 62688739 prime?
False
Is 375194803 a composite number?
False
Is 865153621 composite?
False
Is 15125347 a composite number?
False
Is 18824087 prime?
True
Is 8220259 a prime number?
False
Is 127929379 a composite number?
True
Is 2136499 a composite number?
True
Is 330408719 a composite number?
True
Is 9736079 a composite number?
False
Is 5437583 prime?
True
Is 7894741 a composite number?
False
Is 32764553 a composite number?
False
Is 130495279 prime?
True
Is 23640737 a composite number?
False
Is 6638363 co